divided by p?
19
Suppose -3*k - 6*z + 18 = -3*z, -4*z = 20. Let q = 47 + -28. Calculate the remainder when q is divided by k.
8
Suppose 1436 - 274 = 14*g. Calculate the remainder when 411 is divided by g.
79
Let i(j) = -j + 4. Let y be i(-8). Suppose y*c - 459 = 105. Calculate the remainder when 91 is divided by c.
44
Let y = -912 - -950. Calculate the remainder when 107 is divided by y.
31
Suppose 0 = 4*r - t - 83, -2*t = 2*r - 4*r + 34. Calculate the remainder when (36/(-7))/(r/(-231)) is divided by 19.
16
Let z = 584 + -501. Calculate the remainder when z is divided by 44.
39
Let f(c) = c + 18. Calculate the remainder when 24 is divided by f(-15).
0
Calculate the remainder when 4*30/(-72) + (-29)/(-3) is divided by 2/(0 - (-4)/14).
1
Let l = -922 - -937. What is the remainder when 193 is divided by l?
13
Let r = 34 + -18. Let f = r - -1. Calculate the remainder when f is divided by 5.
2
Suppose -5*h + 81 = -4*h. What is the remainder when h is divided by (-104)/(-5) - (3/(-15) + 0)?
18
Suppose -4*t = -z + 14, 4*t - 6 = -z - 0*t. Let x be (32/4)/(2/(-26)). What is the remainder when (-4)/z - x/10 is divided by 6?
4
Let d(k) = -k**2 + 46*k - 353. Calculate the remainder when d(23) is divided by 30.
26
Let h(o) = 11*o + 122. What is the remainder when 92 is divided by h(-8)?
24
Suppose -p - q + 247 = -193, 4*p - 4*q = 1776. Suppose p = -8*u + 21*u. What is the remainder when u is divided by 20?
14
Suppose 59 = 2*v + p, 0 = -v - 3*p - 23 + 65. Let n = -3 + 7. Suppose 5*k = 39 - n. What is the remainder when v is divided by k?
6
Let m be (-5 + 4)/(1/(-5)). Suppose m*g - 3*g = -14. Let p = g + 14. What is the remainder when 13 is divided by p?
6
Let v(a) be the third derivative of 41*a**6/120 - a**4/24 - 4*a**2. Let s = 94 - 80. What is the remainder when v(1) is divided by s?
12
Let n = -225 + 286. What is the remainder when 236 is divided by n?
53
Let p be (-13 - 3)/((-10)/185). Suppose 0 = 21*w - 25*w + p. What is the remainder when w is divided by 7?
4
Let x = -624 - -1044. What is the remainder when x is divided by 106?
102
Let j(b) = -5*b + 75. What is the remainder when j(0) is divided by 26?
23
Let j(t) = -t**3 + 2*t**2 + 93. Let u = -42 - -42. What is the remainder when j(u) is divided by ((-12)/(-10))/((-8)/(-160))?
21
Let b = 20 - 8. Suppose 0 = -g + 51 + b. What is the remainder when g is divided by 32?
31
Let x(g) = -5*g - 4. Let c be x(5). Let b = -18 - c. Suppose 0 = 3*m - 8*m + 210. What is the remainder when m is divided by b?
9
Suppose -2*s + 3*j - 46 = -15, 5*s + 5*j = -115. Calculate the remainder when 38 is divided by (8/5)/(-6 + (-128)/s).
2
Let w(y) = y**2 + 13*y + 54. Calculate the remainder when 87 is divided by w(-4).
15
Suppose -3*v = -2*p - 6, -p + 2 = v - 0. Suppose 0 = y - p*y - 33. What is the remainder when y is divided by 9?
6
Let y(z) = 8*z + 2. Let u(x) = -x**3 + 12*x**2 - 10*x - 1. Let q be u(11). Let w = q + -9. Calculate the remainder when y(w) is divided by 4.
2
Let w(p) = 95*p**3 - p**2 + 2*p - 2. What is the remainder when w(1) is divided by 19?
18
Let t = -49 - -75. Let k(h) = -h**2 + 16*h - 39. Calculate the remainder when t is divided by k(12).
8
Suppose 4*s - 6 = 38. Suppose -2*m + v - 27 = 0, 2*v + 35 + 46 = -5*m. Calculate the remainder when m/(-5)*(1 + (-114)/(-9)) is divided by s.
8
Suppose -z = -4, 5*d + 0*z - 5*z - 15 = 0. Let h = 7 + -3. Calculate the remainder when d is divided by h.
3
Let j(u) = -22*u - 2. Let h(p) = 23*p + 3. Let f(l) = -3*h(l) - 4*j(l). Calculate the remainder when f(2) is divided by 10.
7
Let p(n) = -2*n**3 + 18*n**2 - 6*n - 18. Calculate the remainder when p(8) is divided by 18.
8
Let j = -511 - -521. Calculate the remainder when 43 is divided by j.
3
Let y = -186 + 420. Suppose 4*t = -5*t + y. Calculate the remainder when 153 is divided by t.
23
Suppose a - j + 2*j = 150, -4*a + 573 = -5*j. What is the remainder when 5144 is divided by a?
146
Let j(v) = 2*v**2 - 66*v + 240. What is the remainder when j(29) is divided by 2?
0
Let d(v) = 17*v**2 + 13*v + 22. What is the remainder when d(-3) is divided by 30?
16
Suppose 149 = -6*r + 197. What is the remainder when r is divided by 1?
0
Suppose 4*h - 8 = 28. Suppose -240 = 3*g + g + 3*l, 0 = -g - 5*l - 77. Let b = 62 + g. Calculate the remainder when h is divided by b.
4
Let w(z) = -8*z + 22. Let m be w(-6). Calculate the remainder when m/(-20)*(-40)/14 is divided by 4.
2
Let t be (-377)/(-78) + (-1 - 7/(-6)). Suppose 0 = t*d - 43 - 97. Calculate the remainder when 193 is divided by d.
25
Let h(r) = -6*r - 54. Suppose 0*j = -6*j - 72. Suppose 276 = 4*i - 2*q, 3*i - 3*q - 243 = -42. What is the remainder when i is divided by h(j)?
17
What is the remainder when 49 is divided by -39*(28/(-252))/(1/3)?
10
Let m(z) = 6*z**3 - 5*z**2 + 8*z - 2. Let k = 18 + -13. Suppose 4*u + 99 = k*v, -5*u = 7 - 2. Calculate the remainder when v is divided by m(1).
5
Suppose 78 = 3*w + 5*c, 0*w + 3*w = c + 60. Suppose -4*o = -3*o - w. What is the remainder when o is divided by 7?
0
Let f = -499 - -510. Calculate the remainder when f is divided by 4.
3
Suppose 5*q - 5*r - 59 = 91, -r = q - 30. Let k = -24 + q. Suppose w + 1 = -2*f + k*f, -2*w + 5*f = -4. What is the remainder when 11 is divided by w?
4
Suppose -4*s - 31 = -5*z, -2*s - 18 - 2 = -4*z. What is the remainder when 54 is divided by z?
0
Let w be (-44)/6*(-1 + 7). Let c = -24 - w. What is the remainder when 37 is divided by c?
17
Suppose 950 = 5*c - 5*d, -6*c + 2*d = -8*c + 364. Calculate the remainder when c is divided by 58.
12
Suppose 4*u = 5*w - 8, -3*u - 11 = -4*w - w. Suppose s - 120 = -u*s. What is the remainder when 30 is divided by 1*13 + s/10?
14
Suppose -4*m = -a + 53, -3*a - 42 = 4*m + 23. Let g = m - -30. What is the remainder when 28 is divided by g?
12
Suppose -19*d + 2880 = 467. Calculate the remainder when d is divided by 17.
8
Suppose 924 = -10*b + 54*b. Suppose 0 = 3*x - 14 - 1. What is the remainder when b is divided by x?
1
Let i = -3 - -6. Let v(k) = k**3 + k**2 - k + 4. Let f be v(i). Let h = f - 20. What is the remainder when 67 is divided by h?
16
Suppose 5*n = -4*g - 72 + 93, 2 = -2*g. Let c(y) = -y**3 - 4*y**2 + 3*y + 2. Calculate the remainder when c(-5) is divided by n.
2
Suppose 866*j - 865*j = 67. Let i be (-3)/(-3*2/4). Suppose -p - 3*y + 3 = -17, 3*p = i*y + 49. Calculate the remainder when j is divided by p.
16
Suppose -3*m + 2*y = -79, -6*m + 4*m - 2*y = -66. What is the remainder when 70 is divided by m?
12
Suppose -5*w + 25 = 4*z, -w + 2 + 3 = 5*z. Suppose -5*x + 342 - 57 = z. Suppose p - x = -2*p. What is the remainder when p is divided by 5?
4
Let d(m) = 16*m + 1. What is the remainder when d(5) is divided by 57/2 - (-2)/(-4)?
25
Calculate the remainder when 3549 is divided by 1/4 + (-4393)/(-92).
45
Let g(j) = 14*j**2 + 12*j - 131. Calculate the remainder when g(8) is divided by 24.
21
Let j(z) be the first derivative of -1/2*z**2 + 1 - 1/4*z**4 - 5*z + 2*z**3. What is the remainder when 42 is divided by j(5)?
12
Let f be 1/((-4)/396) - -2. Let a = 145 + f. Calculate the remainder when a is divided by 26.
22
What is the remainder when (-2)/7 - (63234/63)/(-6) is divided by 28?
27
Let i = 7 - 0. Suppose -5*f - 91*q = -94*q - 117, -3*f + 77 = 5*q. Calculate the remainder when f is divided by i.
3
Suppose -5*u - 4 = 36. Let j be (u/10)/(9/90). Let h = j - -15. What is the remainder when 27 is divided by h?
6
Let f = 21 - 22. Suppose -2*x - 2 = -4*n + 70, -2*x + 54 = 3*n. What is the remainder when n is divided by (-9)/(-7) + f - (-66)/14?
3
Let t(u) = -u**2 + 42*u - 116. What is the remainder when t(35) is divided by 34?
27
Let i(j) = j**2 - 5*j - 9. Let p be i(6). Let t be p*(5/(-15) + -3). Suppose -3*z + 8 = -t. Calculate the remainder when 20 is divided by z.
2
Let b be 5/10 + (-21)/2. Let v = 8 - b. Suppose 0 = 6*k - 177 - 141. What is the remainder when k is divided by v?
17
Let a be 4 + 1*(-19)/(-1). Let y = 8 - a. What is the remainder when 57 is divided by (0 + 1)*-1*y?
12
What is the remainder when 431 is divided by (-13)/((-130)/(-50)) + 67/1?
59
Let y = -5 - -10. Suppose -188 = -2*m + y*n, 2*n + 2*n + 16 = 0. Calculate the remainder when m is divided by 17.
16
Let m(k) = -7*k**3 - k**2 + 3*k + 3. Let h be 4/(-18) - (-48)/(-27). Calculate